 w = -26 - -15. Let b(n) be the first derivative of -n**3/3 - 6*n**2 - 14*n - 916. Give b(w).
-3
Let l(d) = 3*d + 9. Let i be 3*(256/(-24))/(-8). What is l(i)?
21
Let r(p) be the first derivative of -p**5/120 - p**4/8 + 20*p**3/3 + 8. Let f(s) be the third derivative of r(s). Calculate f(-4).
1
Let k(j) = j**3 + 6*j**2 + 6*j - 4. Let c = -3 + 2. Let h be (c/(-1)*14)/2. Let z be 370/(-70) + 2/h. What is k(z)?
-9
Let x = -11 - -11. Suppose x = -5*o + 3*o + 24. Let i(y) = 1 + 2*y**3 - 3*y**3 - o*y + 12*y. What is i(1)?
0
Let m(x) be the third derivative of -x**5/40 - x**4/24 - x**3/6 - x**2. Let s(d) be the first derivative of m(d). Let r be 19/57 - 4/(-6). Determine s(r).
-4
Let v be (1 - 5/(-2))*(-12)/(-21). Let y(c) be the first derivative of 3*c + 4 - 1/3*c**3 + c**v. What is y(3)?
0
Let p(o) = -11*o - 4. Let h be ((-95)/(-15) + -6)*-3. Give p(h).
7
Suppose -4*s = 20, 1 = m - 0*m - s. Let i(j) = -j**2 - 4*j - 6. Let y be i(m). Let l(g) = -5*g + 9*g + 2 - 3*g. Determine l(y).
-4
Let y be 6 - (3 + (-5 - -3)). Let j(k) = -2*k**3 - 12*k**2 - 12*k - 8. Let x(v) = -3*v**3 - 18*v**2 - 18*v - 12. Let d(z) = y*x(z) - 7*j(z). Give d(-5).
1
Let d = 346 - 348. Let m(q) = 8*q + 2. Let h(o) = 23*o + 6. Let f(x) = 3*h(x) - 8*m(x). Determine f(d).
-8
Let z(v) = 5*v**3 + 39*v**2 - 6*v + 24. Let a be z(-8). Let w(o) = -o + 17. Calculate w(a).
9
Let r(l) = -l + 3. Let z be r(-3). Suppose 0 = -4*d + 5*c + 68 + 3, -2*d + 16 = 4*c. Let h(g) = -d*g**2 + 8*g**2 - 6*g + 8*g**2 - g**2 - 5. Determine h(z).
-5
Let x(c) = -c**3 + 3*c**2 - 3*c + 2. Let o = 87 + -84. Give x(o).
-7
Let a(k) be the second derivative of -k**4/6 - 4*k**3/3 - 4*k**2 - 58*k. Determine a(-4).
-8
Let q(o) = 2*o**2 - 14*o + 9. Let r(k) = k**2 - 5*k + 3. Let m(a) = 4*q(a) - 11*r(a). Calculate m(-2).
-7
Let a(o) be the second derivative of -5*o**4/24 + o**3/6 - 4*o**2 + 4*o. Let j(l) be the first derivative of a(l). Calculate j(-2).
11
Let r(v) be the first derivative of v**4/4 + v**3 - v**2/2 - 3*v - 28. Determine r(-3).
0
Let o(i) = i**2 - 5*i - 2. Suppose -87 - 141 = -38*b. Calculate o(b).
4
Let c(l) = 23*l - 12. Let t(j) = 20*j - 9. Let m(f) = 6*c(f) - 7*t(f). Determine m(-10).
11
Suppose 2*w - 4 = -6. Let t = -6 - w. Let u(j) be the second derivative of -j**3/6 + j**2/2 + 415*j - 2. What is u(t)?
6
Let p(l) be the second derivative of 0*l**2 + 20*l + 2/3*l**3 + 0. Give p(4).
16
Let u(p) = -1 + 2*p**2 + 38*p - 18*p - 22*p. Let d be (1 + 0)/(3/(-6)). Calculate u(d).
11
Let c(g) be the second derivative of 7*g**4/12 - g**3/6 - 177*g. What is c(-1)?
8
Let u(r) be the second derivative of -r**5/20 + r**4/6 + r**3/3 - r**2 - 2*r. Let c(x) = -x**2 + 31*x - 148. Let f be c(6). Give u(f).
2
Suppose 0*u - 7*u + 21 = 0. Let o(i) = -2*i**2 + 25 - 38 + u*i**2. Determine o(0).
-13
Let g(v) = -2*v + 21. Let u be g(0). Let k = u - 27. Let y(h) = -2 + 0*h - h + 0. Calculate y(k).
4
Let p(d) = 4*d**3 - 11*d**2 - 5*d + 12. Let t(w) = -w**3 + w**2 - 1. Let a(k) = -p(k) - 5*t(k). Suppose -2*v = -1 + 11. Determine a(v).
-7
Let v be 1/(12/45) + 2/8. Suppose p - 2 = 0, v*p = -4*r + 2 + 10. Let q(m) = -13*m**3 + m - 1. Determine q(r).
-13
Let l(k) = -2*k**3 + 10*k**2 + 13*k - 12. Let b be l(6). Let u(h) = 6*h + 3. Let w(g) = g - 1. Let c(a) = -u(a) + 5*w(a). Calculate c(b).
-2
Let y(a) = 2*a**2 - 4*a + 3. Let i be y(2). Let c(o) be the first derivative of -3*o**2 - o - 248. What is c(i)?
-19
Let u(z) = -z**3 + 6*z**2 - 4*z - 5. Suppose -6 = 2*w - 3*f - 1, -3*w = -5*f + 10. Give u(w).
0
Let s(k) = -k**3 + 18*k**2 - 45*k + 3. Let l be s(15). Let y(w) = 2*w - 2. Calculate y(l).
4
Suppose 12 = -k + 4*k. Let f(p) = 9*p**2 + 7*p - 22. Let o(y) = -5*y**2 - 4*y + 11. Let x(c) = k*f(c) + 7*o(c). Let b(v) = v - 2. Let u be b(2). Determine x(u).
-11
Let h be 5 + -3*(-6)/(-9). Let s be (-1)/((-2)/(-3))*(-4)/3. Let l(y) = 0*y**h + 3 + y**s - y**3 - y**3 - 31*y + 29*y. Give l(2).
-13
Suppose -m = -3*m + 14. Let o(k) = -2*k + 1. Let c be (-2 - -9) + -2 - 2. Let s(d) = 5*d - 3. Let q(v) = c*s(v) + m*o(v). Determine q(-4).
-6
Let q(n) = -5*n + 3. Let c(h) = -9*h + 5. Let r(b) = -b**3 - 5*b**2 + 7*b - 5. Let u be r(-6). Let x(k) = u*q(k) + 6*c(k). Let y be (1 - -3*1) + -1. Give x(y).
0
Let h = -37 + 42. Let n(d) = -4 + h - 2*d + d - 4. Calculate n(-4).
1
Let a(h) = 37*h**2 + 6*h + 18. Let t(i) = -13*i**2 - 2*i - 6. Let o(l) = 6*a(l) + 17*t(l). What is o(-4)?
14
Let r(s) = -s**3 + 3*s + 1. Let u be r(-2). Let w(t) = t - 10*t + 4 + 11*t. What is w(u)?
10
Let a(g) = -g**2 + g - 1. Let n(t) be the first derivative of 5*t**3/3 - 13*t**2/2 - 10*t - 28. Let p(l) = -4*a(l) - n(l). Determine p(10).
4
Let x(p) = 0 - p**2 - 64*p**3 + 1 + 0*p**2 + 67*p**3. Let c(n) = -n**3 - 2*n**2 + 1. Let l be c(-2). Calculate x(l).
3
Let q(t) = t**2 - 12*t + 10. Let l(r) = -r**3 + r**2 - 8*r - 17. Let p be l(-2). Give q(p).
-1
Let t be 1*5 - (-8 - -6). Let h(f) = f**2 + 2. Let c(q) = -q**3 + 3*q**2 + q - 15. Let x(g) = c(g) + 4*h(g). Determine x(t).
0
Let n(s) = -s - 7. Let j = -75 + 66. Let h be (1 - 3) + j/3. Calculate n(h).
-2
Let q(o) = -28*o + 5. Let d(p) = -7*p + 1. Suppose -3*a = -5*g - 6, 2*a + 0*a = 5*g + 4. Let b(k) = a*q(k) - 9*d(k). Calculate b(2).
15
Let o(l) = -4*l**2 + 5*l - 3. Let j be o(1). Let x(i) = -2*i**2 - 3*i - 3. Calculate x(j).
-5
Let m(i) be the second derivative of i**7/2520 - i**6/90 - i**5/24 + 19*i**4/6 + 12*i. Let k(l) be the third derivative of m(l). Give k(8).
-5
Let a be 4/(-10) + 2*(-21)/(-30). Let c(w) = 2*w**3 - w**2. Give c(a).
1
Let x(q) = 20*q**3 - 31*q**2 + 31*q - 5. Let g(u) = 11*u**3 - 16*u**2 + 16*u - 3. Let r(o) = -11*g(o) + 6*x(o). Give r(-11).
14
Let f(c) = c**2 - c - 7. Suppose 2*j + 233 = 75. Let h = j + 79. Determine f(h).
-7
Let p(i) = 3 + 23 + i**2 - 4*i**2 + 4*i**2 - 5*i**3 - 28 - 2*i. What is p(-1)?
6
Let u(m) = 8*m**3 + 0*m - 1 + 0*m. Suppose -997 + 1044 = 47*v. Calculate u(v).
7
Let s(g) be the first derivative of 11*g**2/2 - g + 217. What is s(3)?
32
Let z(i) = 5*i**2 + 3*i + 4. Let v(j) be the third derivative of -j**5/10 - j**4/8 - 5*j**3/6 + 10*j**2. Let d(l) = 4*v(l) + 5*z(l). Calculate d(-3).
0
Let y(r) = -3*r**3 - 5*r**2 + 2. Let i(g) = -g**3 + 1. Suppose -28 + 2 = 13*x. Let k(u) = x*i(u) + y(u). Let l = -11 + 6. What is k(l)?
0
Let r = 504 + -499. Let u(k) be the second derivative of 0*k**2 + 0 + 0*k**4 + 1/6*k**3 + 7/20*k**r - 7*k. Give u(-1).
-8
Let h(q) = -q - 14. Let k be h(-6). Let w be ((-28)/(-12))/(2/(-12)). Let n = w - k. Let y(b) = -2*b - 6. Determine y(n).
6
Let p(r) be the second derivative of -r**3/6 - r**2/2 - 165*r + 3. Determine p(-14).
13
Let j(x) = 4*x**3 + 10*x**2 - 4*x. Let n(p) = 9*p**3 + 22*p**2 - 8*p - 2. Let h(f) = -7*j(f) + 3*n(f). What is h(-5)?
-1
Let v(f) be the second derivative of -f**4/6 - 11*f**3/6 - 7*f**2/2 - 14*f. Calculate v(-7).
-28
Let z(r) = 4*r**2 - 26*r - 15. Let j be 6 + (-2)/(-5) + 45/75. Let g be z(j). Let a(p) = 4*p**2 + 1. Give a(g).
5
Suppose 0 = -2*q - 4*l + 26, -3*q + 5*l - 6 = -1. Suppose 3*t + 13 = 19. Let f(i) = 27*i**t - 6 + i - 2*i - i**3 - 21*i**2. Give f(q).
14
Let l(t) = -t**2 - 3*t - 1. Let m = -22 + 28. Let u = m + -7. Let j be (1 - 0)*(u - 4). What is l(j)?
-11
Suppose -8*i + 7 = -i. Let f be (-6)/i*11/22. Let d(r) be the second derivative of -r**3/6 + r**2 + r. Determine d(f).
5
Let n(c) = 2*c**2 - 7*c + 9. Let g be n(1). Let z(m) be the second derivative of -1/3*m**3 + 0 + 1/12*m**g + 8*m + 1/2*m**2. Give z(1).
0
Let d(q) = -q**3 + 14*q**2 - q + 15. Suppose 0 = -2*t - 4*p + 48, -3*t + 3*p = -29 + 2. Give d(t).
1
Let r(z) = z**2 + 5*z - 7. Let j be r(-5). Let c be 48/21 + 2/j. Let q(y) = 3 - y**c + 2 - 1. Calculate q(-3).
-5
Let f(v) = -16*v - 490. Let o be f(-30). Let c(l) = -2*l - 12. What is c(o)?
8
Let r(y) = -3*y + 3*y + y - 7*y - 5. Let t(j) = -6*j - 4. Suppose 0 = -5*o + 2*o + 15. Let n(g) = o*r(g) - 6*t(g). What is n(1)?
5
Let b(p) = -2*p**2 + 26*p - 6. Suppose -25*s + 585 = 20*s. Determine b(s).
-6
Let o(h) = -2*h**2 + 15*h + 2. Let k be o(7). Let a(v) = -v + 7. Give a(k).
-2
Let r(d) be the second derivative of -d**4/12 + d**3 - 2*d**2 - 15*d. Give r(5).
1
Let i(b) = 376*b**2 - 126*b**2 - 120*b**2 + b**3 + 2*b + 1 - 124*b**2. Give i(-5).
16
Let b(u) be the third derivative of -u**6/120 + u**5/10 - 5*u**4/24 - u**3 + 4*u**2 - 